{"id":2,"date":"2015-11-27T20:14:51","date_gmt":"2015-11-27T19:14:51","guid":{"rendered":"http:\/\/mouchardtgvter.fr\/?page_id=2"},"modified":"2024-08-20T15:49:12","modified_gmt":"2024-08-20T14:49:12","slug":"accueil","status":"publish","type":"page","link":"https:\/\/mouchardtgvter.fr\/","title":{"rendered":"Accueil"},"content":{"rendered":"<p><img loading=\"lazy\" decoding=\"async\" class=\"size-medium wp-image-69 alignright\" src=\"https:\/\/mouchardtgvter.fr\/wp-content\/uploads\/2015\/11\/Vignette-300x284.png\" alt=\"Gare de Mouchard\" width=\"300\" height=\"284\" srcset=\"https:\/\/mouchardtgvter.fr\/wp-content\/uploads\/2015\/11\/Vignette-300x284.png 300w, https:\/\/mouchardtgvter.fr\/wp-content\/uploads\/2015\/11\/Vignette.png 533w\" sizes=\"auto, (max-width: 300px) 100vw, 300px\" \/><\/p>\n<p><strong>L\u2019association Mouchard TGV-TER<\/strong>\u00a0a \u00e9t\u00e9 cr\u00e9\u00e9e en f\u00e9vrier 2015 avec pour objectif le maintien des arr\u00eats TGV \u00e0 Mouchard ainsi que l\u2019am\u00e9lioration des dessertes TER.<\/p>\n<p>Ces liaisons et relais sont indispensables \u00e0 la vie \u00e9conomique de la zone desservie par la gare de Mouchard et mobilisent les adh\u00e9rents de l\u2019Association qu\u2019ils soient particuliers, commer\u00e7ants, artisans, entreprises, collectivit\u00e9s locales ou \u00e9tablissements d\u2019enseignement.<\/p>\n","protected":false},"excerpt":{"rendered":"<p>L\u2019association Mouchard TGV-TER\u00a0a \u00e9t\u00e9 cr\u00e9\u00e9e en f\u00e9vrier 2015 avec pour objectif le maintien des arr\u00eats TGV \u00e0 Mouchard ainsi que l\u2019am\u00e9lioration des dessertes TER. Ces liaisons et relais sont indispensables \u00e0 la vie \u00e9conomique de la zone desservie par la gare de Mouchard et mobilisent les adh\u00e9rents de l\u2019Association qu\u2019ils soient particuliers, commer\u00e7ants, artisans, entreprises, &hellip; <a href=\"https:\/\/mouchardtgvter.fr\/\" class=\"more-link\">Continuer la lecture de <span class=\"screen-reader-text\">Accueil<\/span> <span class=\"meta-nav\">&rarr;<\/span><\/a><\/p>\n","protected":false},"author":1,"featured_media":0,"parent":0,"menu_order":0,"comment_status":"closed","ping_status":"closed","template":"","meta":{"footnotes":""},"class_list":["post-2","page","type-page","status-publish","hentry"],"_links":{"self":[{"href":"https:\/\/mouchardtgvter.fr\/index.php\/wp-json\/wp\/v2\/pages\/2","targetHints":{"allow":["GET"]}}],"collection":[{"href":"https:\/\/mouchardtgvter.fr\/index.php\/wp-json\/wp\/v2\/pages"}],"about":[{"href":"https:\/\/mouchardtgvter.fr\/index.php\/wp-json\/wp\/v2\/types\/page"}],"author":[{"embeddable":true,"href":"https:\/\/mouchardtgvter.fr\/index.php\/wp-json\/wp\/v2\/users\/1"}],"replies":[{"embeddable":true,"href":"https:\/\/mouchardtgvter.fr\/index.php\/wp-json\/wp\/v2\/comments?post=2"}],"version-history":[{"count":11,"href":"https:\/\/mouchardtgvter.fr\/index.php\/wp-json\/wp\/v2\/pages\/2\/revisions"}],"predecessor-version":[{"id":394,"href":"https:\/\/mouchardtgvter.fr\/index.php\/wp-json\/wp\/v2\/pages\/2\/revisions\/394"}],"wp:attachment":[{"href":"https:\/\/mouchardtgvter.fr\/index.php\/wp-json\/wp\/v2\/media?parent=2"}],"curies":[{"name":"wp","href":"https:\/\/api.w.org\/{rel}","templated":true}]}}

<p><img loading="lazy" decoding="async" class="size-medium wp-image-69 alignright" src="https://mouchardtgvter.fr/wp-content/uploads/2015/11/Vignette-300x284.png" alt="Gare de Mouchard" width="300" height="284" srcset="https://mouchardtgvter.fr/wp-content/uploads/2015/11/Vignette-300x284.png 300w, https://mouchardtgvter.fr/wp-content/uploads/2015/11/Vignette.png 533w" sizes="auto, (max-width: 300px) 100vw, 300px" /></p>
<p><strong>L’association Mouchard TGV-TER</strong> a été créée en février 2015 avec pour objectif le maintien des arrêts TGV à Mouchard ainsi que l’amélioration des dessertes TER.</p>
<p>Ces liaisons et relais sont indispensables à la vie économique de la zone desservie par la gare de Mouchard et mobilisent les adhérents de l’Association qu’ils soient particuliers, commerçants, artisans, entreprises, collectivités locales ou établissements d’enseignement.</p>

<p>L’association Mouchard TGV-TER a été créée en février 2015 avec pour objectif le maintien des arrêts TGV à Mouchard ainsi que l’amélioration des dessertes TER. Ces liaisons et relais sont indispensables à la vie économique de la zone desservie par la gare de Mouchard et mobilisent les adhérents de l’Association qu’ils soient particuliers, commerçants, artisans, entreprises, &hellip; <a href="https://mouchardtgvter.fr/" class="more-link">Continuer la lecture de <span class="screen-reader-text">Accueil</span> <span class="meta-nav">&rarr;</span></a></p>
